11 + -15 + -53?
-61
Calculate 9 + 0 - (15 - (9 + 6)) - 60 - 2.
-53
What is -12 + (38 + -1 - 32 - (1 + 0))?
-8
25 - 0 - (21 - (22 + -16)) - (-2 - 1)
13
Calculate 11 + (-12 + (33 - -1) - -10).
43
(4 - 0) + (9 - (20 - 18) - -30)
41
What is the value of (-55 - (-4 + (-20 - -5))) + -6?
-42
-98 + -1 + (-1696 - -1741)
-54
What is the value of 35 + 18 + 7 + -18?
42
Evaluate 138 + (-21 + 22 + -45 + 16 - -7).
117
-9 + 19 + -80 + 44 + 10
-16
Evaluate (-1 + -7 - 0) + (-249 - -270) + -25.
-12
Evaluate 6 + (25 - (-17 - -33)).
15
Calculate (-5 - -78) + -65 + (-1 + -2 - 43).
-38
Evaluate 9 + (147 - 153) + (1 - 2) - 12 - -113.
103
(1 - -47) + 3118 + -3188
-22
41 + 8 + -26 + 20 + 3 + -9
37
What is 758 + -764 + (1 - -9)?
4
Calculate (-42 - 1) + 2254 + -2179.
32
Evaluate -7 - (10 + -2 + (-52 - -28)) - (53 - 0).
-44
Calculate (-2 - 6) + -16 + (6 - ((14 - 8) + -3)).
-21
What is the value of -52 - -17 - -63 - 65?
-37
What is the value of -25 - (27 + -36 - 5)?
-11
What is 1 + (3 - (9 - 11) - 38)?
-32
Evaluate (-20 + -2 + 19 - -67) + (3 - -5).
72
Calculate 13 + 44 + (-74 - -34) + -33.
-16
What is the value of -19 - (-26 - -46 - 13 - 11)?
-15
Calculate 12 - (23 + 9 + 15 + (-8 - -3)).
-30
Evaluate -28 - 23 - ((4 - 7) + 7 - 8).
-47
Calculate 31 - (-65 - (-33 + 0)).
63
-98 + -46 + -47 + 74
-117
-4 + (-9 - -13) - (7 - (-6 - -7))
-6
What is the value of 3 - (8 + -19) - ((3 - 4) + 13 + -3)?
5
Calculate -96 - -137 - 103 - -89.
27
Calculate 1536 + -1424 - (1 + 28).
83
What is -67 + (7 - (14 + 2 + 220 + -216))?
-80
5 + -118 - (17 + -41 - -14)
-103
What is the value of 78 + 33 + (139 - 235)?
15
Evaluate -18 - ((-4 - -24) + -80 + 65).
-23
-1 + -2 + (2 + -2 + 2 - (-146 - -194))
-49
125 - (6 + (27 - 18) - 20 - -15)
115
-18 + 25 + (-24 - (-2 - 11)) + -3
-7
(61 - ((-23 - -8) + 7)) + 24
93
Evaluate 21 - 10 - (-139 - -124).
26
What is the value of 12 + (-18 - (-5 + (10 + -10 - 5)) - -15)?
19
(-60 - (4 + (4 - 1))) + 0 + -1
-68
What is the value of -82 + 0 - (-5173 + 5008)?
83
(5 - ((-5 - 1) + -1)) + -23 + -35
-46
Evaluate 49 + (-38 - (7 + -15)).
19
What is the value of -18 + 8 - ((-12 - -6) + -12) - (1 - -9)?
-2
(35 - (27 - -33)) + 24
-1
Calculate 13 - (61 - (125 + -51)).
26
Evaluate (-1 - 25) + -6 + -10 + (-3 - (-9 - 8)).
-28
What is the value of 118 + 5 + -87 + -4?
32
What is the value of 20 + 35 + -47 + 25?
33
Evaluate (81 - -1 - (72 - 82)) + (-11 + 9 - 4).
86
What is (1064 - 1217) + (64 - 1)?
-90
Evaluate -12 - (-27 - -17 - 13) - 48.
-37
What is -2 + 11 - (-6 - -49 - (9 + 14 + -19))?
-30
Evaluate (-16 - (22 - (-12 + 6))) + -43.
-87
Calculate (0 + -2 - (31 - 47)) + (-17 - -71).
68
What is (12 - 1) + (4 - -17) + -33 + 51?
50
What is the value of (-6 + (6 + -9 - -6) - (-41 - -38)) + -118?
-118
What is the value of 34 + -87 + 9 + -1?
-45
What is 0 - (-1 + -4 + -13 - 2 - 11)?
31
Evaluate 6 - 3 - 12 - (-2 - -1) - (-476 + 464).
4
Evaluate 2 + 93 + (710 - 824).
-19
(-311 - -382) + -2 + 11
80
Evaluate (-37 + -2 - -5) + -34 + 52.
-16
4 - -63 - ((-1 - -2) + (22 - (-14 - -27)))
57
(-14 - -36) + -1 - -36
57
What is -78 - (8 + -22 + -16) - 30?
-78
What is the value of 17 - (50 - 94) - (0 - -3)?
58
(1 - -11) + -3 + 1 - (199 - (179 - 141))
-151
What is the value of 1 + (-5 - -14) + -15 + 5 - (7 - 4)?
-3
What is the value of (-79 - (3 + -1)) + (-7 - (-42 + 31))?
-77
Evaluate (17 + -16 - -92) + -32.
61
Evaluate 0 + -4 - -14 - ((5 - -3) + 2 + -8).
8
What is the value of 36 - ((-3 - 7) + 19 + -19 + 17)?
29
What is -157 + 201 - (52 - -6)?
-14
Evaluate 149 + (21 + -79 - 24).
67
What is the value of 13 + -61 + (-5 - -21)?
-32
What is -4 + 36 + (-1706 - -1655)?
-19
What is the value of -1 - (-73 - (18 + -43))?
47
Calculate -56 + 42 - -58 - 54.
-10
What is (8 - (87 + 37 + -52)) + 20?
-44
Calculate (-47 - (-101 + 9)) + (-2 - 19).
24
What is (-27 - (5 + -18 - 1)) + (-10 - -2)?
-21
-1 + -13 - (42 + -3 + (-35 - -31))
-49
Calculate 31 + -14 + 8 + (125 - 108).
42
Evaluate -51 + 20 + -6 - (42 - 150).
71
What is the value of 17 + -34 + 36 + (8 - 42)?
-15
What is the value of (111 - (-43 + 70)) + -81?
3
Evaluate 58 + (-43 - -43 - -7 - 4).
61
Calculate -177 + 223 + -58 - (55 - 1).
-66
What is -39 + 79 + -35 - 38?
-33
Evaluate (107 - (50 + -170)) + -131.
96
Calculate (34 - (32 + 47 + -16)) + -5.
-34
What is 110 + (-12 - (-13 - -25)) + -11?
75
Evaluate -82 - (-312 - -305 - (1 - 0) - -9).
-83
What is the value of 258 + (6 - 249) + (-1 - 143)?
-129
What is the value of -29 - (5 + -24 - (4 + 24 + -35))?
-17
What is (54 - (53 + 33 + -52)) + (-2 - -8)?
26
Evaluate 52 + 60 + -24 + -24.
64
Evaluate -6 - 6 - (4 - ((7 - 3) + -8 - -19)).
-1
Calculate -90 + -118 + -42 + 128.
-122
Calculate -28 + 74 + -22 - -32.
56
What is -9 - (21 + 59 + -32)?
-57
What is -2 - (-2 - 3) - (259 + -252)?
-4
Evaluate 2 + ((4 - 10) + 0 - 30).
-34
What is 0 + 101 + (-15 - (28 - 4))?
62
Evaluate (2 - -41) + -1 - (-25 + 14 + -13 - -18).
48
Evaluate 0 + 8 + (149 - 249) + 64.
-28
Calculate -59 + 5 + (11 - -7) + (-1 - (18 - -6)).
-61
What is 3 + (-1 - 13) + -56 + -5 + 15?
-57
What is the value of -4 - ((1 - 13) + -3) - 14?
-3
0 - -60 - (-79 - (-72 - 23))
44
Evaluate 3 + 59 - (17 - (9 + (-22 - (-2 - 23)))).
57
Calculate (-31 - 4) + (1 - 7 - (49 - 53)) + -11.
-48
What is the value of -2 + 0 + -121 + 139 - (109 - 16)?
-77
What is the value of -4 + -18 + 88 + -27 + -4?
35
-7 + 13 + 4 - (-45 + 11 + (17 - 4))
31
What is the value of (-9 - 27) + (-7 - (5 - 24)) + 3?
-21
-7 + -52 - (-3 + 0 + -16)
-40
What is the value of 0 + -31 - (-18 + 62 + -64)?
-11
What is -6 + -23 + -1 - (-4 + -10 + 12 + 5)?
-33
28 + (-8 + 13 - 41) - 27
-35
Calculate 117 + (-19 - (26 + (-3 - 22))).
97
Calculate -3 + -40 - (-108 + -10).
75
What is the value of (1 - (-11 + 2)) + 46 + (-41 - 20)?
-5
What is the value of -17 + -1 - (941 - 966)?
7
-5 + 2 + 3 + 13 - (22 - (-32 - -62))
21
What is (-28 - (-40 + 40)) + 59?
31
What is the value of -21 + -16 + 4 + -30 + 74?
11
What is the value of -23 + (-1 - -37 - (-17 - 29))?
59
What is the value of -6 - (-15 + 7 - -7 - (1 + (80 - 8)))?
68
-2 - -5 - -3 - (-1372 - -1346)
32
Calculate 7 + -4 - 20 - (-169 + 140).
12
-56 + 1 + 837 + -787
-5
What is the value of -39 + 37 + -77 - ((-14 - (-11 + 7)) + 5)?
-74
What is the value of 16 + -9 + (-23 - 20) + -27?
-63
Evaluate -43 - (-12 - ((15 - 32) + 5)) - -17.
-26
Calculate 12 - (-34 - (-16 + 21 - 18)).
33
What is the value of (-380 - -372) + -3 + -1 + 24 + (-2 - 90)?
-80
Calculate (1 - 71) + (68 - 37) + -13.
-52
Calculate (-37 - (-1 - -2)) + (17741 - 17755).
-52
What is the value of (-5 - -35) + (-523 - -458)?
-35
What is -113 + -75 + 159 + 89?
60
Evaluate 30 + (57 - -9) - 158.
-62
What is the value of 4 - (2 + 35 - 66) - -34?
67
Evaluate 14 + -14 + 7 - (-10 - (9 + -1 + 74)).
99
-47 - 1 - -3 - (8 + (-15 - -14) + -12)
-40
Calculate -139 + (127 - (126 - 99)).
-39
What is 103 - (189 - -82) - -112?
-56
Calculate -7 - (7 + -20 - -23) - 7.
-24
Evaluate 23 - -7 - (52 - 23).
1
Evaluate 2 - (3 - (-36 - 10 - -22)).
-25
Evaluate (133 - 140) + (-4 + -1 - -10 - (-2 + 31)).
-31
Calculate -9 - (-5 + -35) - 51.
-20
What is (-12 - (-19 + 11)) + 7 + -4 + 5 + -3?
1
Calculate (-40 - (4 + -3)) + ((16 - -7) + 2 - 19).
-35
What is 0 - (1 + 1 - (-9 + 3) - -19 - 10)?
-17
Calculate 101 - (-44 - (-131 - -46)).
60
-5 + -5 + (14 - (4 - 13)) + -7 + 40
46
Evaluate 0 - (8 + 0 + -4 + -1 + 195 + -136).
-62
What is the value of -26 + 34 - (8 + -3 - 32) - -5?
40
Evaluate (38 - 0) + (-2220 - -2183) + -106 + 1.
-104
What is -46 + -14 + -14 + (14 - -14) + -1?
-47
Evaluate 86 - (2 - (-22 - -4)).
66
Evaluate -5 - -16 - (32 - (73 + -31)).
21
Calculate -212 + 323 + -105 + (-1 - 113 - 2).
-110
Evaluate 0 - 20 - (32 + 75 + -161).
34
What is (-1 - 0) + -11 + (36 - (-37 - -100) - 22)?
-61
Calculate (12 + -18 - 19) + (-3 - -4) + 12 + 110.
98
Evaluate -20 + (18 - 6 - (2 - (-3 - (3 - -1)))).
-17
Calculate (25 - 15) + -40 - -13.
-17
Evaluate -23 + 5 + (23 - (-29 - (1 - -13))).
48
Evaluate (-96 - (-17 + 14)) + -9 + 8.
-94
What is -79 + (206 - 121) + 10 + 0?
16
Evaluate (-2280 - -2311) + (-1 - 2 - -6 - 16).
18
54 + (-27 - 22 - (-20 + -10))
35
13 + 4 - (-43 + 18)
42
What is the value of (-1 + 1 - 28) + 3392 + -3397?
-33
Calculate (23 - (1 + 0)) + (-20 - (6 - (34 - 2))).
28
What is (2 - 2 - -1) + 22 + (24 + -16 - 18)?
13
Calculate 45 + -108 - (-29 - 13).
-21
Ca